{"id":946,"date":"2018-07-16T20:29:24","date_gmt":"2018-07-16T20:29:24","guid":{"rendered":"http:\/\/designsundsvall.se\/?page_id=946"},"modified":"2018-07-16T21:10:17","modified_gmt":"2018-07-16T21:10:17","slug":"med-hammare-och-hjarta-sunds-bruk-under-150-ar","status":"publish","type":"page","link":"https:\/\/designsundsvall.se\/?page_id=946","title":{"rendered":"Med hammare och hj\u00e4rta \u2013 Sunds bruk under 150 \u00e5r"},"content":{"rendered":"<div id=\"attachment_948\" style=\"width: 310px\" class=\"wp-caption aligncenter\"><a href=\"https:\/\/designsundsvall.se\/wp-content\/uploads\/2018\/07\/Omslag-framsida.jpg\"><img loading=\"lazy\" decoding=\"async\" aria-describedby=\"caption-attachment-948\" class=\"size-medium wp-image-948\" src=\"https:\/\/designsundsvall.se\/wp-content\/uploads\/2018\/07\/Omslag-framsida-300x261.jpg\" alt=\"Boken om Sunds bruk under 150 \u00e5r.\" width=\"300\" height=\"261\" srcset=\"https:\/\/designsundsvall.se\/wp-content\/uploads\/2018\/07\/Omslag-framsida-300x261.jpg 300w, https:\/\/designsundsvall.se\/wp-content\/uploads\/2018\/07\/Omslag-framsida.jpg 800w\" sizes=\"auto, (max-width: 300px) 100vw, 300px\" \/><\/a><p id=\"caption-attachment-948\" class=\"wp-caption-text\">Boken om Sunds bruk under 150 \u00e5r.<\/p><\/div>\n<p class=\"p1\">Den 8 april 1868 grundades Sunds bruk vid Aln\u00f6sundet p\u00e5 platsen f\u00f6r ett gammalt f\u00e4rjel\u00e4ge. Bakom satsningen stod s\u00e5gverkspatronen Erik Jan Hammarberg och tidningsmannen Lars Johan Hierta, k\u00e4nd som Aftonbladets skapare.<\/p>\n<p class=\"p2\">Fr\u00e5n en blygsam b\u00f6rjan som st\u00e5ngj\u00e4rnssmedja och mekanisk verkstad utvecklades Sunds bruk i mitten av 1900-talet till en modern exportindustri. P\u00e5 2000-talet har Sunds under v\u00e4xlande namn blivit ett globalt service- och teknikf\u00f6retag och \u00e4r idag en del av Valmetkoncernen. F\u00f6retaget \u00e4r v\u00e4rldsledande inom fiberprocesser med avancerad forskning och utveckling. Teknologin anv\u00e4nds i massa- och pappersfabriker \u00f6ver hela v\u00e4rlden och har bland annat resulterat i b\u00e4ttre och billigare hygienprodukter f\u00f6r konsumenterna.<\/p>\n<p class=\"p2\">Den h\u00e4r boken handlar om hur det blev m\u00f6jligt att skapa en v\u00e4rldsledande verkstadsindustri mitt i skogens gr\u00f6na b\u00e4lte vid Norrlandskusten. H\u00e4r skildras ocks\u00e5 samh\u00e4llet som v\u00e4xte fram i samklang med bruket \u2013 en ber\u00e4ttelse om herrg\u00e5rdsliv, arbetarl\u00e4ngor, folkr\u00f6relser och n\u00f6jen och om ett myller av m\u00e4nniskor som s\u00f6kte sig till Sunds bruk med dr\u00f6mmar och visioner.<\/p>\n<p class=\"p2\"><em>Boken ges ut av Valmet AB i samarbete med f\u00f6rlaget Design Sundsvall.<\/em><\/p>\n<p class=\"p3\"><strong>Each chapter in this book has a summary in English.<\/strong><\/p>\n<div id=\"attachment_949\" style=\"width: 650px\" class=\"wp-caption aligncenter\"><a href=\"https:\/\/designsundsvall.se\/wp-content\/uploads\/2018\/07\/Omslag-hela-bedden.jpg\"><img loading=\"lazy\" decoding=\"async\" aria-describedby=\"caption-attachment-949\" class=\"size-large wp-image-949\" src=\"https:\/\/designsundsvall.se\/wp-content\/uploads\/2018\/07\/Omslag-hela-bedden-1024x428.jpg\" alt=\"Boken om Sunds bruk under 150 \u00e5r.\" width=\"640\" height=\"267\" srcset=\"https:\/\/designsundsvall.se\/wp-content\/uploads\/2018\/07\/Omslag-hela-bedden-1024x428.jpg 1024w, https:\/\/designsundsvall.se\/wp-content\/uploads\/2018\/07\/Omslag-hela-bedden-300x125.jpg 300w, https:\/\/designsundsvall.se\/wp-content\/uploads\/2018\/07\/Omslag-hela-bedden.jpg 1665w\" sizes=\"auto, (max-width: 640px) 100vw, 640px\" \/><\/a><p id=\"caption-attachment-949\" class=\"wp-caption-text\">F\u00f6rfattare Nils Johan Tj\u00e4rnlund.<\/p><\/div>\n","protected":false},"excerpt":{"rendered":"<p>Den 8 april 1868 grundades Sunds bruk vid Aln\u00f6sundet p\u00e5 platsen f\u00f6r ett gammalt f\u00e4rjel\u00e4ge. Bakom satsningen stod s\u00e5gverkspatronen Erik Jan Hammarberg och tidningsmannen Lars Johan Hierta, k\u00e4nd som Aftonbladets skapare. Fr\u00e5n en blygsam b\u00f6rjan som st\u00e5ngj\u00e4rnssmedja och mekanisk verkstad &hellip; <a href=\"https:\/\/designsundsvall.se\/?page_id=946\">Forts\u00e4tt l\u00e4sa <span class=\"meta-nav\">&rarr;<\/span><\/a><\/p>\n","protected":false},"author":1,"featured_media":0,"parent":382,"menu_order":0,"comment_status":"open","ping_status":"open","template":"","meta":{"footnotes":""},"class_list":["post-946","page","type-page","status-publish","hentry"],"post_mailing_queue_ids":[],"_links":{"self":[{"href":"https:\/\/designsundsvall.se\/index.php?rest_route=\/wp\/v2\/pages\/946","targetHints":{"allow":["GET"]}}],"collection":[{"href":"https:\/\/designsundsvall.se\/index.php?rest_route=\/wp\/v2\/pages"}],"about":[{"href":"https:\/\/designsundsvall.se\/index.php?rest_route=\/wp\/v2\/types\/page"}],"author":[{"embeddable":true,"href":"https:\/\/designsundsvall.se\/index.php?rest_route=\/wp\/v2\/users\/1"}],"replies":[{"embeddable":true,"href":"https:\/\/designsundsvall.se\/index.php?rest_route=%2Fwp%2Fv2%2Fcomments&post=946"}],"version-history":[{"count":3,"href":"https:\/\/designsundsvall.se\/index.php?rest_route=\/wp\/v2\/pages\/946\/revisions"}],"predecessor-version":[{"id":956,"href":"https:\/\/designsundsvall.se\/index.php?rest_route=\/wp\/v2\/pages\/946\/revisions\/956"}],"up":[{"embeddable":true,"href":"https:\/\/designsundsvall.se\/index.php?rest_route=\/wp\/v2\/pages\/382"}],"wp:attachment":[{"href":"https:\/\/designsundsvall.se\/index.php?rest_route=%2Fwp%2Fv2%2Fmedia&parent=946"}],"curies":[{"name":"wp","href":"https:\/\/api.w.org\/{rel}","templated":true}]}}