{"id":595,"date":"2015-11-23T19:38:52","date_gmt":"2015-11-23T19:38:52","guid":{"rendered":"http:\/\/designsundsvall.se\/?page_id=595"},"modified":"2025-12-06T19:31:36","modified_gmt":"2025-12-06T19:31:36","slug":"hamta-bilder-och-dokument","status":"publish","type":"page","link":"https:\/\/designsundsvall.se\/?page_id=595","title":{"rendered":"City Tour \/ Stadsvandring"},"content":{"rendered":"\n<p>Under respektive rubrik i menyn nedan finns ljudfilen f\u00f6r varje Stadsvandring p\u00e5 denna sida. Varje vandring finns p\u00e5 svenska, engelska och tyska.<\/p>\n\n\n\n<p><\/p>\n\n\n\n<p><strong>Stadtf\u00fchrung auf den Spuren des Feuers (GER)<\/strong><\/p>\n\n\n\n<p><\/p>\n\n\n\n<p><strong>En vandring i Sundsvallsbrandens sp\u00e5r (SWE)<\/strong><\/p>\n\n\n\n<p><strong><a href=\"https:\/\/designsundsvall.se\/wp-content\/uploads\/2019\/06\/Stadsvandring-SWE-64-Kbitsek.mp3\">LADDA NER<\/a><\/strong><\/p>\n","protected":false},"excerpt":{"rendered":"<p>Under respektive rubrik i menyn nedan finns ljudfilen f\u00f6r varje Stadsvandring p\u00e5 denna sida. Varje vandring finns p\u00e5 svenska, engelska och tyska. Stadtf\u00fchrung auf den Spuren des Feuers (GER) En vandring i Sundsvallsbrandens sp\u00e5r (SWE) LADDA NER<\/p>\n","protected":false},"author":1,"featured_media":0,"parent":0,"menu_order":0,"comment_status":"open","ping_status":"open","template":"","meta":{"footnotes":""},"class_list":["post-595","page","type-page","status-publish","hentry"],"post_mailing_queue_ids":[],"_links":{"self":[{"href":"https:\/\/designsundsvall.se\/index.php?rest_route=\/wp\/v2\/pages\/595","targetHints":{"allow":["GET"]}}],"collection":[{"href":"https:\/\/designsundsvall.se\/index.php?rest_route=\/wp\/v2\/pages"}],"about":[{"href":"https:\/\/designsundsvall.se\/index.php?rest_route=\/wp\/v2\/types\/page"}],"author":[{"embeddable":true,"href":"https:\/\/designsundsvall.se\/index.php?rest_route=\/wp\/v2\/users\/1"}],"replies":[{"embeddable":true,"href":"https:\/\/designsundsvall.se\/index.php?rest_route=%2Fwp%2Fv2%2Fcomments&post=595"}],"version-history":[{"count":9,"href":"https:\/\/designsundsvall.se\/index.php?rest_route=\/wp\/v2\/pages\/595\/revisions"}],"predecessor-version":[{"id":1606,"href":"https:\/\/designsundsvall.se\/index.php?rest_route=\/wp\/v2\/pages\/595\/revisions\/1606"}],"wp:attachment":[{"href":"https:\/\/designsundsvall.se\/index.php?rest_route=%2Fwp%2Fv2%2Fmedia&parent=595"}],"curies":[{"name":"wp","href":"https:\/\/api.w.org\/{rel}","templated":true}]}}