{"id":589,"date":"2015-11-23T11:17:58","date_gmt":"2015-11-23T11:17:58","guid":{"rendered":"http:\/\/designsundsvall.se\/?page_id=589"},"modified":"2021-02-12T15:44:10","modified_gmt":"2021-02-12T15:44:10","slug":"sofia-bugges-sigill","status":"publish","type":"page","link":"https:\/\/designsundsvall.se\/?page_id=589","title":{"rendered":"Sofia Bugges Sigill"},"content":{"rendered":"<header class=\"entry-header\">\n<h1 class=\"entry-title\"><a href=\"https:\/\/designsundsvall.se\/wp-content\/uploads\/2015\/11\/Boken-omslag-150-dpi.jpg\"><img loading=\"lazy\" decoding=\"async\" class=\"alignleft  wp-image-562\" src=\"https:\/\/designsundsvall.se\/wp-content\/uploads\/2015\/11\/Boken-omslag-150-dpi-723x1024.jpg\" alt=\"Sofia Bugges sigill, omslag (150 dpi)\" width=\"348\" height=\"493\" srcset=\"https:\/\/designsundsvall.se\/wp-content\/uploads\/2015\/11\/Boken-omslag-150-dpi-723x1024.jpg 723w, https:\/\/designsundsvall.se\/wp-content\/uploads\/2015\/11\/Boken-omslag-150-dpi-212x300.jpg 212w, https:\/\/designsundsvall.se\/wp-content\/uploads\/2015\/11\/Boken-omslag-150-dpi.jpg 1240w\" sizes=\"auto, (max-width: 348px) 100vw, 348px\" \/><\/a><\/h1>\n<\/header>\n<div class=\"entry-content\">\n<p class=\"p1\">En fastighetsbrand med ett d\u00f6dsfall som senare visar sig vara ett mord. Det \u00e4r den dramatiska upptakten till denna roman som str\u00e4cker sig fr\u00e5n tiden efter Sundsvallsbranden 1888 fram till b\u00f6rjan av 1960-talet.<\/p>\n<p class=\"p2\">I centrum st\u00e5r brandm\u00e4n, tr\u00e4patroner och vanliga medborgare. M\u00e5nga k\u00e4nda namn figurerar, andra \u00e4r det s\u00e4kert f\u00f6rsta g\u00e5ngen du stiftar bekantskap med.<\/p>\n<p class=\"p2\">Inv\u00e4vt i den sp\u00e4nnande historien kring Sundsvalls brandk\u00e5r finns \u00e4ven m\u00e5nga dramatiska historiska h\u00e4ndelser bland annat fr\u00e5n Finska vinterkriget, d\u00e4r sundsvallsbor var inblandade, och Tyskland i slutet av 1930-talet. Framf\u00f6rallt \u00e4r det dock de n\u00e4rg\u00e5ngna personliga m\u00e4nnisko\u00f6dena som ber\u00f6r.<\/p>\n<\/div>\n<p class=\"p1\">\n<div class=\"entry-content\">\n<p class=\"p2\"><strong>Omd\u00f6men om boken:<\/strong><br \/>\n\u2022 Tack! <a href=\"https:\/\/www.facebook.com\/svenake.bostrom\">Sven\u00e5ke Bostr\u00f6m<\/a>, f\u00f6r en mycket intressant historisk ber\u00e4ttelse tillika sp\u00e4nnande l\u00e4sning.<br \/>\n\u2022 L\u00e4ste ut Sofia Bugges sigill h\u00e4romdagen. En riktig bladv\u00e4ndare! Mycket bra!<br \/>\n\u2022 N\u00e4r man l\u00e4ser bokens milj\u00f6beskrivning \u00e4r det s\u00e5 att man k\u00e4nner dofterna, som om man vore p\u00e5 plats. (Per Silverliden, chef Sundsvalls R\u00e4ddningstj\u00e4nst)<br \/>\n<em>\u2022 \u201dTack! Sven\u00e5ke Bostr\u00f6m, f\u00f6r en mycket intressant historisk ber\u00e4ttelse tillika sp\u00e4nnande l\u00e4sning.\u201d<br \/>\n<\/em><em>\u2022 \u201dL\u00e4ste ut Sofia Bugges sigill h\u00e4romdagen. En riktig bladv\u00e4ndare! Mycket bra!\u201d<br \/>\n<\/em><em>\u2022 \u201dJag har l\u00e4st boken! Till slutet! Varje bokstav! Bara det v\u00e4ger v\u00e4ldigt positivt f\u00f6r \u201dSofia Bugges Sigill\u201d, eftersom <\/em><em>jag har en ganska rej\u00e4l h\u00f6g med b\u00f6cker som ligger och v\u00e4ntar p\u00e5 l\u00e4sning.\u201d<\/em><\/p>\n<\/div>\n","protected":false},"excerpt":{"rendered":"<p>En fastighetsbrand med ett d\u00f6dsfall som senare visar sig vara ett mord. Det \u00e4r den dramatiska upptakten till denna roman som str\u00e4cker sig fr\u00e5n tiden efter Sundsvallsbranden 1888 fram till b\u00f6rjan av 1960-talet. I centrum st\u00e5r brandm\u00e4n, tr\u00e4patroner och vanliga &hellip; <a href=\"https:\/\/designsundsvall.se\/?page_id=589\">Forts\u00e4tt l\u00e4sa <span class=\"meta-nav\">&rarr;<\/span><\/a><\/p>\n","protected":false},"author":1,"featured_media":0,"parent":382,"menu_order":0,"comment_status":"open","ping_status":"open","template":"","meta":{"footnotes":""},"class_list":["post-589","page","type-page","status-publish","hentry"],"post_mailing_queue_ids":[],"_links":{"self":[{"href":"https:\/\/designsundsvall.se\/index.php?rest_route=\/wp\/v2\/pages\/589","targetHints":{"allow":["GET"]}}],"collection":[{"href":"https:\/\/designsundsvall.se\/index.php?rest_route=\/wp\/v2\/pages"}],"about":[{"href":"https:\/\/designsundsvall.se\/index.php?rest_route=\/wp\/v2\/types\/page"}],"author":[{"embeddable":true,"href":"https:\/\/designsundsvall.se\/index.php?rest_route=\/wp\/v2\/users\/1"}],"replies":[{"embeddable":true,"href":"https:\/\/designsundsvall.se\/index.php?rest_route=%2Fwp%2Fv2%2Fcomments&post=589"}],"version-history":[{"count":2,"href":"https:\/\/designsundsvall.se\/index.php?rest_route=\/wp\/v2\/pages\/589\/revisions"}],"predecessor-version":[{"id":1272,"href":"https:\/\/designsundsvall.se\/index.php?rest_route=\/wp\/v2\/pages\/589\/revisions\/1272"}],"up":[{"embeddable":true,"href":"https:\/\/designsundsvall.se\/index.php?rest_route=\/wp\/v2\/pages\/382"}],"wp:attachment":[{"href":"https:\/\/designsundsvall.se\/index.php?rest_route=%2Fwp%2Fv2%2Fmedia&parent=589"}],"curies":[{"name":"wp","href":"https:\/\/api.w.org\/{rel}","templated":true}]}}