{"id":1250,"date":"2020-12-03T16:15:53","date_gmt":"2020-12-03T16:15:53","guid":{"rendered":"http:\/\/designsundsvall.se\/?page_id=1250"},"modified":"2021-01-03T18:50:51","modified_gmt":"2021-01-03T18:50:51","slug":"fran-sangbunden-till-maraton","status":"publish","type":"page","link":"https:\/\/designsundsvall.se\/?page_id=1250","title":{"rendered":"Fr\u00e5n s\u00e4ngbunden till maraton"},"content":{"rendered":"\n<figure class=\"wp-block-image size-large is-resized\"><img loading=\"lazy\" decoding=\"async\" src=\"https:\/\/designsundsvall.se\/wp-content\/uploads\/2020\/12\/Bjo\u0308rn-Eklund_Omslag-660x1024.jpg\" alt=\"\" class=\"wp-image-1252\" width=\"380\" height=\"588\" srcset=\"https:\/\/designsundsvall.se\/wp-content\/uploads\/2020\/12\/Bjo\u0308rn-Eklund_Omslag-193x300.jpg 193w, https:\/\/designsundsvall.se\/wp-content\/uploads\/2020\/12\/Bjo\u0308rn-Eklund_Omslag-768x1191.jpg 768w, https:\/\/designsundsvall.se\/wp-content\/uploads\/2020\/12\/Bjo\u0308rn-Eklund_Omslag.jpg 1062w\" sizes=\"auto, (max-width: 380px) 100vw, 380px\" \/><\/figure>\n\n\n\n<p>Det blev ingen ny\u00e5rsafton f\u00f6r Bj\u00f6rn Eklund 2016. Den h\u00f6gt \u00e4lskade familjen fick fira utan honom. N\u00e4r de h\u00f6rde av sig h\u00f6ll han hum\u00f6ret uppe och sa att han nog skulle dyka upp. Men sjukdomen som l\u00e4karna inte ville erk\u00e4nna hade d\u00e4ckat honom s\u00e5 att han inte orkade l\u00e4ngre.<\/p>\n\n\n\n<p>Det h\u00e4r \u00e4r den gastkramande ber\u00e4ttelsen om en levnadsglad, frisk och p\u00e5 alla s\u00e4tt aktiv m\u00e4nniska, d\u00e4r allt pl\u00f6tsligt tar stopp. Som efter en ovanligt tuff influensa tappar all kraft och till slut allt livsmod. Och ingen kan f\u00f6rklara vad som \u00e4r fel. Tills hans googlande hittar en diagnos som st\u00e4mmer p\u00e5 pricken, ME (myalgisk encefalomyelit).<\/p>\n\n\n\n<p>Den sjukdomen har den svenska sjukv\u00e5rden inte h\u00f6rt talas om. Ingen tror honom. Han blir till och med utskrattad av en l\u00e4kare. \u201dNu \u00e4r det dags att b\u00f6rja jobba\u201d, \u00e4r budskapet fr\u00e5n v\u00e5rd och f\u00f6rs\u00e4kringskassa. Trots att Bj\u00f6rn \u00e4r s\u00e5 sjuk att han inte orkar g\u00e5 de 32 trappstegen upp till l\u00e4genheten.<\/p>\n\n\n\n<p>Men pl\u00f6tsligt t\u00e4nds ett hopp n\u00e4r han f\u00e5r reda p\u00e5 ett forskningsprojekt i Norge kring ME. Finns det ett liv efter ME?<\/p>\n\n\n\n<p>Bj\u00f6rn Eklund \u00e4r journalist verksam i Sundsvall. Under m\u00e5nga \u00e5r arbetade han p\u00e5 Dagbladet f\u00f6r att senare flytta \u00f6ver till Sundsvalls Tidning.<\/p>\n\n\n\n<p><\/p>\n\n\n\n<h2 class=\"wp-block-heading\"><strong>En desperat chansning<\/strong><\/h2>\n\n\n\n<p><em>Efter en influensa 2008 blev jag bara s\u00e4mre och s\u00e4mre.<\/em> <em>Det fanns ingen hj\u00e4lp att f\u00e5 i den svenska sjukv\u00e5rden. En hitte-p\u00e5-sjukdom, trodde l\u00e4karna.<\/em><\/p>\n\n\n\n<p><em>\u00c5r 2014 tvingades jag sluta jobba. Kort senare var jag fast i s\u00e4ngen 23 timmar om dygnet. Jag gjorde mig beredd att st\u00e4mpla ut. F\u00f6r gott. Fr\u00e5n livet. En privatl\u00e4kare i Norge sl\u00e4ppte l\u00f6s en medicin som \u00e4nnu var p\u00e5 forskningsstadiet. Jag nappade. I en sista desperat chansning h\u00f6jdes medicindoserna med flera hundra procent.<\/em><\/p>\n\n\n\n<p><em>L\u00e4s den sanna historien om hur jag gick fr\u00e5n s\u00e4ngbunden 2016 till Stockholm Marathon 2020.<\/em> <em>I Sverige ber\u00e4knas runt 30 000 vara sjuka i ME. M\u00e4nniskor som l\u00e4mnas utan hj\u00e4lp.<\/em><\/p>\n\n\n\n<p><strong>Bj\u00f6rn Eklund, f\u00f6rfattare<\/strong><\/p>\n\n\n\n<p>Sundsvalls Tidning skriver om boken 2020.12.13:<\/p>\n\n\n\n<p><a href=\"https:\/\/www.st.nu\/artikel\/valet-stod-mellan-osaker-medicin-och-dodsklinik-efter-tio-ar-vann-bjorn-kampen-mot-sjukdomen\">https:\/\/www.st.nu\/artikel\/valet-stod-mellan-osaker-medicin-och-dodsklinik-efter-tio-ar-vann-bjorn-kampen-mot-sjukdomen<\/a><\/p>\n\n\n\n<figure class=\"wp-block-image size-large is-resized\"><img loading=\"lazy\" decoding=\"async\" src=\"https:\/\/designsundsvall.se\/wp-content\/uploads\/2021\/01\/Bjo\u0308rn-Eklunds-bok-i-ST-1024x730.jpg\" alt=\"\" class=\"wp-image-1268\" width=\"646\" height=\"459\" srcset=\"https:\/\/designsundsvall.se\/wp-content\/uploads\/2021\/01\/Bjo\u0308rn-Eklunds-bok-i-ST-300x214.jpg 300w, https:\/\/designsundsvall.se\/wp-content\/uploads\/2021\/01\/Bjo\u0308rn-Eklunds-bok-i-ST-768x547.jpg 768w, https:\/\/designsundsvall.se\/wp-content\/uploads\/2021\/01\/Bjo\u0308rn-Eklunds-bok-i-ST.jpg 1476w\" sizes=\"auto, (max-width: 646px) 100vw, 646px\" \/><\/figure>\n","protected":false},"excerpt":{"rendered":"<p>Det blev ingen ny\u00e5rsafton f\u00f6r Bj\u00f6rn Eklund 2016. Den h\u00f6gt \u00e4lskade familjen fick fira utan honom. N\u00e4r de h\u00f6rde av sig h\u00f6ll han hum\u00f6ret uppe och sa att han nog skulle dyka upp. Men sjukdomen som l\u00e4karna inte ville erk\u00e4nna &hellip; <a href=\"https:\/\/designsundsvall.se\/?page_id=1250\">Forts\u00e4tt l\u00e4sa <span class=\"meta-nav\">&rarr;<\/span><\/a><\/p>\n","protected":false},"author":1,"featured_media":0,"parent":382,"menu_order":0,"comment_status":"closed","ping_status":"closed","template":"","meta":{"footnotes":""},"class_list":["post-1250","page","type-page","status-publish","hentry"],"post_mailing_queue_ids":[],"_links":{"self":[{"href":"https:\/\/designsundsvall.se\/index.php?rest_route=\/wp\/v2\/pages\/1250","targetHints":{"allow":["GET"]}}],"collection":[{"href":"https:\/\/designsundsvall.se\/index.php?rest_route=\/wp\/v2\/pages"}],"about":[{"href":"https:\/\/designsundsvall.se\/index.php?rest_route=\/wp\/v2\/types\/page"}],"author":[{"embeddable":true,"href":"https:\/\/designsundsvall.se\/index.php?rest_route=\/wp\/v2\/users\/1"}],"replies":[{"embeddable":true,"href":"https:\/\/designsundsvall.se\/index.php?rest_route=%2Fwp%2Fv2%2Fcomments&post=1250"}],"version-history":[{"count":4,"href":"https:\/\/designsundsvall.se\/index.php?rest_route=\/wp\/v2\/pages\/1250\/revisions"}],"predecessor-version":[{"id":1269,"href":"https:\/\/designsundsvall.se\/index.php?rest_route=\/wp\/v2\/pages\/1250\/revisions\/1269"}],"up":[{"embeddable":true,"href":"https:\/\/designsundsvall.se\/index.php?rest_route=\/wp\/v2\/pages\/382"}],"wp:attachment":[{"href":"https:\/\/designsundsvall.se\/index.php?rest_route=%2Fwp%2Fv2%2Fmedia&parent=1250"}],"curies":[{"name":"wp","href":"https:\/\/api.w.org\/{rel}","templated":true}]}}

Från sängbunden till maraton

<figure class="wp-block-image size-large is-resized"><img loading="lazy" decoding="async" src="https://designsundsvall.se/wp-content/uploads/2020/12/Björn-Eklund_Omslag-660x1024.jpg" alt="" class="wp-image-1252" width="380" height="588" srcset="https://designsundsvall.se/wp-content/uploads/2020/12/Björn-Eklund_Omslag-193x300.jpg 193w, https://designsundsvall.se/wp-content/uploads/2020/12/Björn-Eklund_Omslag-768x1191.jpg 768w, https://designsundsvall.se/wp-content/uploads/2020/12/Björn-Eklund_Omslag.jpg 1062w" sizes="auto, (max-width: 380px) 100vw, 380px" /></figure>



<p>Det blev ingen nyårsafton för Björn Eklund 2016. Den högt älskade familjen fick fira utan honom. När de hörde av sig höll han humöret uppe och sa att han nog skulle dyka upp. Men sjukdomen som läkarna inte ville erkänna hade däckat honom så att han inte orkade längre.</p>



<p>Det här är den gastkramande berättelsen om en levnadsglad, frisk och på alla sätt aktiv människa, där allt plötsligt tar stopp. Som efter en ovanligt tuff influensa tappar all kraft och till slut allt livsmod. Och ingen kan förklara vad som är fel. Tills hans googlande hittar en diagnos som stämmer på pricken, ME (myalgisk encefalomyelit).</p>



<p>Den sjukdomen har den svenska sjukvården inte hört talas om. Ingen tror honom. Han blir till och med utskrattad av en läkare. ”Nu är det dags att börja jobba”, är budskapet från vård och försäkringskassa. Trots att Björn är så sjuk att han inte orkar gå de 32 trappstegen upp till lägenheten.</p>



<p>Men plötsligt tänds ett hopp när han får reda på ett forskningsprojekt i Norge kring ME. Finns det ett liv efter ME?</p>



<p>Björn Eklund är journalist verksam i Sundsvall. Under många år arbetade han på Dagbladet för att senare flytta över till Sundsvalls Tidning.</p>



<p></p>



<h2 class="wp-block-heading"><strong>En desperat chansning</strong></h2>



<p><em>Efter en influensa 2008 blev jag bara sämre och sämre.</em> <em>Det fanns ingen hjälp att få i den svenska sjukvården. En hitte-på-sjukdom, trodde läkarna.</em></p>



<p><em>År 2014 tvingades jag sluta jobba. Kort senare var jag fast i sängen 23 timmar om dygnet. Jag gjorde mig beredd att stämpla ut. För gott. Från livet. En privatläkare i Norge släppte lös en medicin som ännu var på forskningsstadiet. Jag nappade. I en sista desperat chansning höjdes medicindoserna med flera hundra procent.</em></p>



<p><em>Läs den sanna historien om hur jag gick från sängbunden 2016 till Stockholm Marathon 2020.</em> <em>I Sverige beräknas runt 30 000 vara sjuka i ME. Människor som lämnas utan hjälp.</em></p>



<p><strong>Björn Eklund, författare</strong></p>



<p>Sundsvalls Tidning skriver om boken 2020.12.13:</p>



<p><a href="https://www.st.nu/artikel/valet-stod-mellan-osaker-medicin-och-dodsklinik-efter-tio-ar-vann-bjorn-kampen-mot-sjukdomen">https://www.st.nu/artikel/valet-stod-mellan-osaker-medicin-och-dodsklinik-efter-tio-ar-vann-bjorn-kampen-mot-sjukdomen</a></p>



<figure class="wp-block-image size-large is-resized"><img loading="lazy" decoding="async" src="https://designsundsvall.se/wp-content/uploads/2021/01/Björn-Eklunds-bok-i-ST-1024x730.jpg" alt="" class="wp-image-1268" width="646" height="459" srcset="https://designsundsvall.se/wp-content/uploads/2021/01/Björn-Eklunds-bok-i-ST-300x214.jpg 300w, https://designsundsvall.se/wp-content/uploads/2021/01/Björn-Eklunds-bok-i-ST-768x547.jpg 768w, https://designsundsvall.se/wp-content/uploads/2021/01/Björn-Eklunds-bok-i-ST.jpg 1476w" sizes="auto, (max-width: 646px) 100vw, 646px" /></figure>

<p>Det blev ingen nyårsafton för Björn Eklund 2016. Den högt älskade familjen fick fira utan honom. När de hörde av sig höll han humöret uppe och sa att han nog skulle dyka upp. Men sjukdomen som läkarna inte ville erkänna &hellip; <a href="https://designsundsvall.se/?page_id=1250">Fortsätt läsa <span class="meta-nav">&rarr;</span></a></p>
